re the prime factors of 558111?
3, 186037
What are the prime factors of 7088080?
2, 5, 41, 2161
List the prime factors of 6732687.
3, 13, 172633
List the prime factors of 450824.
2, 11, 47, 109
What are the prime factors of 3929448?
2, 3, 17, 9631
What are the prime factors of 2633284?
2, 658321
What are the prime factors of 572658?
2, 3, 95443
What are the prime factors of 2465694?
2, 3, 7, 11, 593
What are the prime factors of 8660336?
2, 541271
What are the prime factors of 258647?
19, 13613
List the prime factors of 96990.
2, 3, 5, 53, 61
What are the prime factors of 592348?
2, 17, 31, 281
List the prime factors of 3699376.
2, 19, 43, 283
List the prime factors of 287689.
287689
List the prime factors of 363358.
2, 17, 10687
What are the prime factors of 23375542?
2, 11687771
What are the prime factors of 1852539?
3, 13, 47501
What are the prime factors of 485077?
509, 953
List the prime factors of 35294020.
2, 5, 19, 131, 709
What are the prime factors of 197938?
2, 13, 23, 331
List the prime factors of 1395425.
5, 55817
What are the prime factors of 6777304?
2, 847163
List the prime factors of 736427.
151, 4877
List the prime factors of 4165348.
2, 11, 137, 691
What are the prime factors of 122654?
2, 7, 8761
What are the prime factors of 458830?
2, 5, 17, 2699
What are the prime factors of 24667136?
2, 13, 17, 109
List the prime factors of 2376182.
2, 1087, 1093
List the prime factors of 906583.
47, 19289
What are the prime factors of 487305?
3, 5, 7, 13, 17
List the prime factors of 15468880.
2, 5, 7, 23, 1201
What are the prime factors of 73945?
5, 23, 643
What are the prime factors of 9108201?
3, 19, 159793
List the prime factors of 2515800.
2, 3, 5, 7, 599
What are the prime factors of 282648?
2, 3, 11777
What are the prime factors of 5077508?
2, 1269377
What are the prime factors of 12157852?
2, 7, 434209
List the prime factors of 72378.
2, 3, 4021
List the prime factors of 393289.
13, 30253
What are the prime factors of 904307?
29, 31183
List the prime factors of 1671629.
1671629
List the prime factors of 121545.
3, 5, 37, 73
What are the prime factors of 2770204?
2, 53, 73, 179
What are the prime factors of 513974?
2, 79, 3253
List the prime factors of 97689.
3, 32563
What are the prime factors of 699205?
5, 13, 31, 347
List the prime factors of 1084748.
2, 7, 19, 2039
What are the prime factors of 49798?
2, 7, 3557
List the prime factors of 6608085.
3, 5, 11, 29, 1381
List the prime factors of 12205420.
2, 5, 610271
What are the prime factors of 25972862?
2, 53, 59, 4153
What are the prime factors of 963761?
963761
What are the prime factors of 770057?
770057
List the prime factors of 12004321.
7, 23, 74561
What are the prime factors of 792?
2, 3, 11
List the prime factors of 9389029.
13, 151, 4783
List the prime factors of 109698.
2, 3, 47, 389
List the prime factors of 22346064.
2, 3, 13, 23, 173
What are the prime factors of 516404?
2, 7, 18443
What are the prime factors of 52864?
2, 7, 59
What are the prime factors of 947158?
2, 473579
List the prime factors of 22709591.
397, 57203
List the prime factors of 470284.
2, 117571
What are the prime factors of 421942?
2, 113, 1867
What are the prime factors of 407277?
3, 13, 59
List the prime factors of 2870685.
3, 5, 63793
List the prime factors of 2362134.
2, 3, 73, 5393
What are the prime factors of 3397763?
3397763
What are the prime factors of 179105?
5, 113, 317
List the prime factors of 4136713.
7, 590959
List the prime factors of 340964.
2, 13, 79, 83
What are the prime factors of 782530?
2, 5, 7, 1597
What are the prime factors of 539091?
3, 7, 43, 199
List the prime factors of 4187142.
2, 3, 37, 6287
List the prime factors of 235558.
2, 117779
What are the prime factors of 3712171?
17, 218363
What are the prime factors of 27145011?
3, 9048337
List the prime factors of 1100431.
601, 1831
List the prime factors of 11406391.
11406391
List the prime factors of 5843643.
3, 13, 149837
What are the prime factors of 6808?
2, 23, 37
What are the prime factors of 1638503?
19, 83, 1039
What are the prime factors of 1368331?
1368331
List the prime factors of 1739005.
5, 347801
List the prime factors of 179387.
13, 13799
What are the prime factors of 16615648?
2, 7, 74177
What are the prime factors of 80289?
3, 11, 811
List the prime factors of 9252916.
2, 523, 4423
What are the prime factors of 471192?
2, 3, 29, 677
List the prime factors of 2192340.
2, 3, 5, 61, 599
What are the prime factors of 3856556?
2, 11, 87649
List the prime factors of 321452.
2, 80363
List the prime factors of 2137488.
2, 3, 44531
List the prime factors of 992333.
211, 4703
List the prime factors of 5632040.
2, 5, 103, 1367
List the prime factors of 14044259.
14044259
List the prime factors of 2660585.
5, 17, 113, 277
What are the prime factors of 8266633?
8266633
What are the prime factors of 590119?
590119
List the prime factors of 6662435.
5, 13, 102499
List the prime factors of 1056471.
3, 13, 103, 263
List the prime factors of 315577.
41, 43, 179
What are the prime factors of 512595?
3, 5, 3797
List the prime factors of 132331.
132331
What are the prime factors of 11887651?
29, 43, 9533
List the prime factors of 11807439.
3, 7, 562259
List the prime factors of 432420.
2, 3, 5, 7207
What are the prime factors of 3462407?
13, 17, 15667
List the prime factors of 1362820.
2, 5, 68141
What are the prime factors of 367398?
2, 3, 20411
What are the prime factors of 8761775?
5, 11, 151, 211
What are the prime factors of 44088?
2, 3, 11, 167
List the prime factors of 6274476.
2, 3, 13, 41, 109
List the prime factors of 277214.
2, 7, 19801
What are the prime factors of 7182233?
23, 13577
What are the prime factors of 509277?
3, 53, 3203
List the prime factors of 1073876.
2, 67, 4007
What are the prime factors of 1833392?
2, 11, 947
List the prime factors of 228190.
2, 5, 19, 1201
What are the prime factors of 390694?
2, 17, 11491
What are the prime factors of 1098170?
2, 5, 193, 569
What are the prime factors of 323455?
5, 11, 5881
List the prime factors of 3359160.
2, 3, 5, 7, 31, 43
What are the prime factors of 402497?
41, 9817
What are the prime factors of 1000078?
2, 673, 743
List the prime factors of 1151700.
2, 3, 5, 11, 349
List the prime factors of 40824366.
2, 3, 11, 439, 1409
List the prime factors of 15356212.
2, 107, 35879
List the prime factors of 233866.
2, 116933
List the prime factors of 577253.
79, 7307
List the prime factors of 291192.
2, 3, 11, 1103
List the prime factors of 875770.
2, 5, 7, 12511
List the prime factors of 2760215.
5, 173, 3191
What are the prime factors of 10990531?
19, 347, 1667
List the prime factors of 1119685.
5, 7, 31991
What are the prime factors of 15770?
2, 5, 19, 83
What are the prime factors of 1449338?
2, 11, 53, 113
List the prime factors of 55217.
55217
List the prime factors of 393708.
2, 3, 7, 43, 109
What are the prime factors of 139206?
2, 3, 23201
List the prime factors of 657925.
5, 26317
What are the prime factors of 4087187?
13, 314399
List the prime factors of 965598.
2, 3, 160933
What are the prime factors of 269950?
2, 5, 5399
What are the prime factors of 224618?
2, 19, 23, 257
What are the prime factors of 548134?
2, 223, 1229
List the prime factors of 5288103.
3, 367, 1601
What are the prime factors of 915509?
7, 130787
What are the prime factors of 643366?
2, 43, 7481
List the prime factors of 433771.
13, 61, 547
What are the prime factors of 1774189?
59, 30071
What are the prime factors of 650986?
2, 7, 46499
List the prime factors of 2787875.
5, 22303
List the prime factors of 13921623.
3, 17, 19, 4789
What are the prime factors of 12454993?
43, 163, 1777
What are the prime factors of 161722?
2, 11, 7351
List the prime factors of 451679.
451679
What are the prime factors of 3436030?
2, 5, 13, 26431
What are the prime factors of 2947451?
13, 19, 11933
List the prime factors of 43443.
3, 1609
What are the prime factors of 224639?
41, 5479
What are the prime factors of 703181?
103, 6827
List the prime factors of 4401275.
5, 176051
List the prime factors of 5898627.
3, 7, 93629
List the prime factors of 34148386.
2, 17074193
List the prime factors of 273600.
2, 3, 5, 19
What are the prime factors of 2186545?
5, 61, 67, 107
What are the prime f